s of 73327803.
3, 31, 41, 19231
What are the prime factors of 172884318?
2, 3, 157, 223, 823
List the prime factors of 157288634.
2, 29, 2711873
What are the prime factors of 1558201340?
2, 5, 47, 1657661
What are the prime factors of 858083970?
2, 3, 5, 109, 262411
What are the prime factors of 1269986874?
2, 3, 13, 16281883
List the prime factors of 280653930.
2, 3, 5, 283, 3673
List the prime factors of 79911089.
79911089
List the prime factors of 110891113.
971, 114203
List the prime factors of 214697402.
2, 41, 2618261
What are the prime factors of 568586104?
2, 37, 307, 6257
What are the prime factors of 7122896972?
2, 1780724243
What are the prime factors of 850271813?
17, 31, 94907
What are the prime factors of 1754252?
2, 181, 2423
List the prime factors of 257591677.
7, 1451, 3623
What are the prime factors of 2131458844?
2, 17, 1583, 19801
What are the prime factors of 46771490?
2, 5, 29, 161281
What are the prime factors of 1939710498?
2, 3, 11, 83, 354091
List the prime factors of 143332227.
3, 1051, 5051
List the prime factors of 198300116.
2, 7, 829, 8543
List the prime factors of 210706249.
13, 16208173
What are the prime factors of 257338517?
3163, 81359
List the prime factors of 213448948.
2, 53362237
What are the prime factors of 2040527624?
2, 255065953
List the prime factors of 554427635.
5, 1499, 73973
List the prime factors of 5514218.
2, 19, 31, 151
What are the prime factors of 174960714?
2, 3, 31, 940649
List the prime factors of 1978246940.
2, 5, 19, 5205913
What are the prime factors of 2380139432?
2, 11, 1033, 26183
List the prime factors of 1808612818.
2, 904306409
List the prime factors of 1285590454.
2, 163, 3943529
What are the prime factors of 27394354?
2, 13, 43, 107, 229
What are the prime factors of 2030698028?
2, 31, 16376597
What are the prime factors of 8699168?
2, 271849
List the prime factors of 447383232.
2, 3, 29, 26783
What are the prime factors of 8952774?
2, 3, 1163, 1283
What are the prime factors of 115637958?
2, 3, 41, 156691
List the prime factors of 69021144.
2, 3, 958627
What are the prime factors of 365877005?
5, 13, 5628877
What are the prime factors of 49296525?
3, 5, 307, 2141
List the prime factors of 128370376.
2, 409, 39233
List the prime factors of 633518633.
11, 4093, 14071
What are the prime factors of 70569589?
23, 317, 9679
What are the prime factors of 2610034825?
5, 23, 4539191
List the prime factors of 1607571590.
2, 5, 160757159
What are the prime factors of 142589511?
3, 257, 20549
List the prime factors of 240258307.
240258307
List the prime factors of 118525372.
2, 7, 43, 98443
What are the prime factors of 52486744?
2, 6560843
What are the prime factors of 967923603?
3, 1747, 61561
List the prime factors of 77955564.
2, 3, 1877, 3461
What are the prime factors of 4136042756?
2, 29, 35655541
What are the prime factors of 557409642?
2, 3, 92901607
List the prime factors of 202733008.
2, 769, 16477
List the prime factors of 2374576756.
2, 19, 31244431
What are the prime factors of 3215383734?
2, 3, 67, 131, 61057
What are the prime factors of 466189075?
5, 11, 1695233
What are the prime factors of 3777272046?
2, 3, 1471, 142657
What are the prime factors of 3211736943?
3, 181, 5914801
List the prime factors of 5450586844.
2, 1362646711
List the prime factors of 4697935.
5, 11, 229, 373
List the prime factors of 63695395.
5, 23, 553873
What are the prime factors of 45819989?
45819989
What are the prime factors of 90989631?
3, 1163, 8693
List the prime factors of 2989071.
3, 67, 4957
What are the prime factors of 17852705?
5, 13, 457, 601
What are the prime factors of 301028146?
2, 17, 223, 39703
What are the prime factors of 62978846?
2, 7, 17, 71, 3727
List the prime factors of 12780994.
2, 71, 90007
What are the prime factors of 3204479126?
2, 1602239563
What are the prime factors of 3273363776?
2, 19, 2691911
List the prime factors of 56288666.
2, 7, 17, 236507
List the prime factors of 2968844606.
2, 7, 13, 17, 397, 2417
What are the prime factors of 5086599184?
2, 6577, 48337
List the prime factors of 43832081.
101, 433981
List the prime factors of 1378055845.
5, 19, 257, 56443
What are the prime factors of 649277557?
19, 23, 1485761
List the prime factors of 190464970.
2, 5, 3847, 4951
List the prime factors of 273077060.
2, 5, 683, 19991
List the prime factors of 56117159.
7, 8016737
List the prime factors of 491886774.
2, 3, 27327043
What are the prime factors of 126031368?
2, 3, 31, 61, 2777
List the prime factors of 1161196548.
2, 3, 139, 263, 2647
What are the prime factors of 79325097?
3, 101, 261799
What are the prime factors of 2897497297?
113, 467, 54907
What are the prime factors of 734290165?
5, 7, 47, 71, 6287
List the prime factors of 9618984.
2, 3, 133597
List the prime factors of 19661850.
2, 3, 5, 13, 3361
List the prime factors of 120687384.
2, 3, 5028641
List the prime factors of 125913619.
13, 745051
What are the prime factors of 25346115?
3, 5, 23, 907
What are the prime factors of 106865608?
2, 107, 131, 953
List the prime factors of 163158796.
2, 73, 157, 3559
What are the prime factors of 1682266306?
2, 7, 120161879
What are the prime factors of 2865463484?
2, 13, 55105067
List the prime factors of 5622063.
3, 1874021
What are the prime factors of 1085941611?
3, 120660179
What are the prime factors of 2781199677?
3, 17, 1721, 31687
List the prime factors of 2379714378.
2, 3, 59, 109, 61673
What are the prime factors of 1446129471?
3, 59, 8170223
What are the prime factors of 281531098?
2, 140765549
What are the prime factors of 1519047070?
2, 5, 17, 101, 88471
What are the prime factors of 1111144168?
2, 19, 23, 59, 5387
What are the prime factors of 168366428?
2, 37, 1137611
List the prime factors of 1157110674.
2, 3, 4259, 45281
What are the prime factors of 172905591?
3, 57635197
What are the prime factors of 41328969?
3, 11, 59, 21227
What are the prime factors of 486565307?
486565307
What are the prime factors of 572949760?
2, 5, 447617
What are the prime factors of 640858785?
3, 5, 7, 439, 13903
What are the prime factors of 1392399544?
2, 174049943
What are the prime factors of 862931273?
23, 89, 421559
What are the prime factors of 50453136?
2, 3, 101, 3469
What are the prime factors of 34966055?
5, 59, 118529
What are the prime factors of 571350210?
2, 3, 5, 373, 51059
What are the prime factors of 1695652990?
2, 5, 41, 61, 151, 449
What are the prime factors of 87125598?
2, 3, 7, 83, 2777
What are the prime factors of 65033128?
2, 8129141
List the prime factors of 2150217196.
2, 537554299
What are the prime factors of 58469591?
58469591
List the prime factors of 358226863.
23, 15575081
List the prime factors of 937347691.
7, 19, 59, 6287
List the prime factors of 16386005.
5, 23, 37, 3851
List the prime factors of 95585189.
7, 29, 470863
What are the prime factors of 1197828403?
2777, 431339
What are the prime factors of 92502448?
2, 2131, 2713
What are the prime factors of 13324961?
13, 1024997
What are the prime factors of 57764600?
2, 5, 288823
What are the prime factors of 106612132?
2, 11, 167, 1319
What are the prime factors of 3409867326?
2, 3, 181, 3139841
List the prime factors of 633977456.
2, 7, 5660513
What are the prime factors of 3292997935?
5, 658599587
What are the prime factors of 69621480?
2, 3, 5, 193393
List the prime factors of 98606294.
2, 367, 134341
What are the prime factors of 748831089?
3, 7673, 32531
What are the prime factors of 23707643?
23707643
List the prime factors of 1067190466.
2, 59, 9043987
What are the prime factors of 97985768?
2, 37, 109, 3037
List the prime factors of 103271649.
3, 13, 683, 3877
List the prime factors of 65450752.
2, 255667
List the prime factors of 13893617.
19, 731243
What are the prime factors of 81562073?
17, 4797769
What are the prime factors of 50864144?
2, 29, 109621
What are the prime factors of 509894772?
2, 3, 443, 95917
List the prime factors of 58325818.
2, 31, 940739
List the prime factors of 4210649022.
2, 3, 11113, 63149
What are the prime factors of 1359387788?
2, 11, 30895177
List the prime factors of 669717268.
2, 11, 661, 23027
List the prime factors of 72951082.
2, 1657, 22013
What are the prime factors of 176231439?
3, 19581271
What are the prime factors